{"id":250,"date":"2014-08-24T06:12:13","date_gmt":"2014-08-24T04:12:13","guid":{"rendered":"http:\/\/www.arteypasiondelsur.com\/joyeria\/?page_id=250"},"modified":"2019-05-27T18:31:06","modified_gmt":"2019-05-27T16:31:06","slug":"chapados-de-oro-rodio-y-plata","status":"publish","type":"page","link":"https:\/\/www.arteypasiondelsur.com\/joyeria\/","title":{"rendered":"Chapados de oro, rodio y plata"},"content":{"rendered":"<div id=\"pl-250\"  class=\"panel-layout\" ><div id=\"pg-250-0\"  class=\"panel-grid panel-no-style\" ><div id=\"pgc-250-0-0\"  class=\"panel-grid-cell\" ><div id=\"panel-250-0-0-0\" class=\"so-panel widget widget_sow-image panel-first-child panel-last-child\" data-index=\"0\" ><div\n\t\t\t\n\t\t\tclass=\"so-widget-sow-image so-widget-sow-image-default-c67d20f9f743-250\"\n\t\t\t\n\t\t>\n<div class=\"sow-image-container\">\n\t\t<img \n\tsrc=\"https:\/\/www.arteypasiondelsur.com\/joyeria\/wp-content\/uploads\/sites\/2\/2014\/08\/pulseras-1.png\" width=\"1080\" height=\"434\" srcset=\"https:\/\/www.arteypasiondelsur.com\/joyeria\/wp-content\/uploads\/sites\/2\/2014\/08\/pulseras-1.png 1080w, https:\/\/www.arteypasiondelsur.com\/joyeria\/wp-content\/uploads\/sites\/2\/2014\/08\/pulseras-1-300x121.png 300w, https:\/\/www.arteypasiondelsur.com\/joyeria\/wp-content\/uploads\/sites\/2\/2014\/08\/pulseras-1-768x309.png 768w, https:\/\/www.arteypasiondelsur.com\/joyeria\/wp-content\/uploads\/sites\/2\/2014\/08\/pulseras-1-1024x411.png 1024w, https:\/\/www.arteypasiondelsur.com\/joyeria\/wp-content\/uploads\/sites\/2\/2014\/08\/pulseras-1-510x205.png 510w\" sizes=\"(max-width: 1080px) 100vw, 1080px\" title=\"Chapados de oro, plata, rutenio y rodio de cualquier tipo de pieza\" alt=\"chapados de oro\" loading=\"lazy\" \t\tclass=\"so-widget-image\"\/>\n\t<\/div>\n\n<h3 class=\"widget-title\">Chapados de oro, plata, rutenio y rodio de cualquier tipo de pieza<\/h3><\/div><\/div><\/div><\/div><div id=\"pg-250-1\"  class=\"panel-grid panel-no-style\" ><div id=\"pgc-250-1-0\"  class=\"panel-grid-cell\" ><div id=\"panel-250-1-0-0\" class=\"so-panel widget widget_sow-editor panel-first-child\" data-index=\"1\" ><div\n\t\t\t\n\t\t\tclass=\"so-widget-sow-editor so-widget-sow-editor-base\"\n\t\t\t\n\t\t><h3 class=\"widget-title\">Cubrimos su joya con el metal que desee<\/h3>\n<div class=\"siteorigin-widget-tinymce textwidget\">\n\t<p>\u00a0Si busca dar un ba\u00f1o de metal o chapado en cualquier tipo de pieza como relojes, pulseras, plater\u00eda...<\/p>\n<p>Arte y Pasi\u00f3n del Sur es su mejor elecci\u00f3n. Garantizamos el resultado y acabado profesional en el chapado de oro, plata, rodio y rutenio de cualquier tipo de pieza u objeto.<\/p>\n<p>Puede elegir entre:<\/p>\n<ul>\n<li><strong>Oro 18k: <\/strong>el chapado en este metal protege a la pieza o joya durante mucho tiempo, incluso durante d\u00e9cadas.<\/li>\n<li><strong>Oro rosa: <\/strong>el chapado en este metal le dar\u00e1 a su pieza la alta protecci\u00f3n que garantiza el oro adem\u00e1s del estilo del color rosa.<\/li>\n<li><strong>Plata: <\/strong>la\u00a0plata\u00a0es un metal muy d\u00factil y maleable, algo m\u00e1s duro que el oro.<\/li>\n<li><strong>Rodio: <\/strong>es un metal perteneciente al grupo del platino. Le dar\u00e1 a su pieza un color blanco plateado y un aspecto nuevo.<\/li>\n<li><strong>Rutenio: <\/strong>pertenece tambi\u00e9n al grupo del platino y el chapado en este metal le dar\u00e1 a su pieza una gran protecci\u00f3n y evitar\u00e1 la oxidaci\u00f3n del material.<\/li>\n<\/ul>\n<h4 style=\"text-align: center;\"><span style=\"color: #008000;\"><a href=\"http:\/\/www.arteypasiondelsur.com\/joyeria\/contacto\">Solicite m\u00e1s informaci\u00f3n<\/a>\u00a0<\/span><\/h4>\n<\/div>\n<\/div><\/div><div id=\"panel-250-1-0-1\" class=\"so-panel widget widget_sow-editor panel-last-child\" data-index=\"2\" ><div\n\t\t\t\n\t\t\tclass=\"so-widget-sow-editor so-widget-sow-editor-base\"\n\t\t\t\n\t\t><h3 class=\"widget-title\">Cubrimos su joya con el metal que desee<\/h3>\n<div class=\"siteorigin-widget-tinymce textwidget\">\n\t\n\t\t<style type=\"text\/css\">\n\t\t\t#gallery-1 {\n\t\t\t\tmargin: auto;\n\t\t\t}\n\t\t\t#gallery-1 .gallery-item {\n\t\t\t\tfloat: left;\n\t\t\t\tmargin-top: 10px;\n\t\t\t\ttext-align: center;\n\t\t\t\twidth: 50%;\n\t\t\t}\n\t\t\t#gallery-1 img {\n\t\t\t\tborder: 2px solid #cfcfcf;\n\t\t\t}\n\t\t\t#gallery-1 .gallery-caption {\n\t\t\t\tmargin-left: 0;\n\t\t\t}\n\t\t\t\/* see gallery_shortcode() in wp-includes\/media.php *\/\n\t\t<\/style>\n\t\t<div id='gallery-1' class='gallery galleryid-250 gallery-columns-2 gallery-size-medium'><dl class='gallery-item'>\n\t\t\t<dt class='gallery-icon landscape'>\n\t\t\t\t<a href='https:\/\/www.arteypasiondelsur.com\/joyeria\/wp-content\/uploads\/sites\/2\/2014\/08\/chapado-reloj.jpg'><img width=\"300\" height=\"173\" src=\"https:\/\/www.arteypasiondelsur.com\/joyeria\/wp-content\/uploads\/sites\/2\/2014\/08\/chapado-reloj-300x173.jpg\" class=\"attachment-medium size-medium\" alt=\"chapado reloj\" decoding=\"async\" loading=\"lazy\" aria-describedby=\"gallery-1-1233\" srcset=\"https:\/\/www.arteypasiondelsur.com\/joyeria\/wp-content\/uploads\/sites\/2\/2014\/08\/chapado-reloj-300x173.jpg 300w, https:\/\/www.arteypasiondelsur.com\/joyeria\/wp-content\/uploads\/sites\/2\/2014\/08\/chapado-reloj.jpg 400w\" sizes=\"(max-width: 300px) 100vw, 300px\" \/><\/a>\n\t\t\t<\/dt>\n\t\t\t\t<dd class='wp-caption-text gallery-caption' id='gallery-1-1233'>\n\t\t\t\tReloj chapado en oro\n\t\t\t\t<\/dd><\/dl><dl class='gallery-item'>\n\t\t\t<dt class='gallery-icon landscape'>\n\t\t\t\t<a href='https:\/\/www.arteypasiondelsur.com\/joyeria\/wp-content\/uploads\/sites\/2\/2014\/08\/rosario-chapado.jpg'><img width=\"300\" height=\"179\" src=\"https:\/\/www.arteypasiondelsur.com\/joyeria\/wp-content\/uploads\/sites\/2\/2014\/08\/rosario-chapado-300x179.jpg\" class=\"attachment-medium size-medium\" alt=\"rosario-chapado\" decoding=\"async\" loading=\"lazy\" aria-describedby=\"gallery-1-1238\" srcset=\"https:\/\/www.arteypasiondelsur.com\/joyeria\/wp-content\/uploads\/sites\/2\/2014\/08\/rosario-chapado-300x179.jpg 300w, https:\/\/www.arteypasiondelsur.com\/joyeria\/wp-content\/uploads\/sites\/2\/2014\/08\/rosario-chapado.jpg 350w\" sizes=\"(max-width: 300px) 100vw, 300px\" \/><\/a>\n\t\t\t<\/dt>\n\t\t\t\t<dd class='wp-caption-text gallery-caption' id='gallery-1-1238'>\n\t\t\t\tRosario chapado en oro\n\t\t\t\t<\/dd><\/dl><br style=\"clear: both\" \/>\n\t\t<\/div>\n\n<\/div>\n<\/div><\/div><\/div><div id=\"pgc-250-1-1\"  class=\"panel-grid-cell\" ><div id=\"panel-250-1-1-0\" class=\"so-panel widget widget_sow-editor panel-first-child\" data-index=\"3\" ><div\n\t\t\t\n\t\t\tclass=\"so-widget-sow-editor so-widget-sow-editor-base\"\n\t\t\t\n\t\t>\n<div class=\"siteorigin-widget-tinymce textwidget\">\n\t<p>Aqu\u00ed puede ver como ejemplo uno de nuestros trabajos. Sin duda, el chapado de piezas hace que \u00e9sta luzca como nueva y se conserve durante m\u00e1s tiempo.<\/p>\n<p><img decoding=\"async\" loading=\"lazy\" class=\"so-widget-image\" title=\"chapado-reloj\" src=\"http:\/\/www.arteypasiondelsur.com\/joyeria\/wp-content\/uploads\/sites\/2\/2014\/08\/chapado-reloj-1.jpg\" sizes=\"(max-width: 548px) 100vw, 548px\" srcset=\"http:\/\/www.arteypasiondelsur.com\/joyeria\/wp-content\/uploads\/sites\/2\/2014\/08\/chapado-reloj-1.jpg 548w, http:\/\/www.arteypasiondelsur.com\/joyeria\/wp-content\/uploads\/sites\/2\/2014\/08\/chapado-reloj-1-300x147.jpg 300w, http:\/\/www.arteypasiondelsur.com\/joyeria\/wp-content\/uploads\/sites\/2\/2014\/08\/chapado-reloj-1-510x249.jpg 510w\" alt=\"chapado-reloj\" width=\"548\" height=\"268\" \/><\/p>\n<\/div>\n<\/div><\/div><div id=\"panel-250-1-1-1\" class=\"so-panel widget widget_sow-editor panel-last-child\" data-index=\"4\" ><div\n\t\t\t\n\t\t\tclass=\"so-widget-sow-editor so-widget-sow-editor-base\"\n\t\t\t\n\t\t>\n<div class=\"siteorigin-widget-tinymce textwidget\">\n\t<h3><a href=\"http:\/\/www.arteypasiondelsur.com\/joyeria\/chapados-hipoalergenicos\/\"><img decoding=\"async\" loading=\"lazy\" class=\" wp-image-1028 alignleft\" src=\"http:\/\/www.arteypasiondelsur.com\/joyeria\/wp-content\/uploads\/sites\/2\/2014\/08\/hipoalerg\u00e9nico.jpg\" alt=\"\" width=\"243\" height=\"243\" srcset=\"https:\/\/www.arteypasiondelsur.com\/joyeria\/wp-content\/uploads\/sites\/2\/2014\/08\/hipoalerg\u00e9nico.jpg 300w, https:\/\/www.arteypasiondelsur.com\/joyeria\/wp-content\/uploads\/sites\/2\/2014\/08\/hipoalerg\u00e9nico-150x150.jpg 150w, https:\/\/www.arteypasiondelsur.com\/joyeria\/wp-content\/uploads\/sites\/2\/2014\/08\/hipoalerg\u00e9nico-157x157.jpg 157w\" sizes=\"(max-width: 243px) 100vw, 243px\" \/><\/a><\/h3>\n<h3><strong>Chapados con producto hipoalerg\u00e9nico<\/strong><\/h3>\n<h4 style=\"text-align: left;\">Solo trabajamos con <strong>materiales hipoalerg\u00e9nicos en sus chapados<\/strong>. De esta forma no causaran reacciones al\u00e9rgicas en su piel. <a href=\"http:\/\/www.arteypasiondelsur.com\/joyeria\/chapados-hipoalergenicos\/\">M\u00e1s informaci\u00f3n<\/a><\/h4>\n<h3 style=\"text-align: left;\"><strong>Micraje garantizado.<\/strong><\/h3>\n<\/div>\n<\/div><\/div><\/div><\/div><div id=\"pg-250-2\"  class=\"panel-grid panel-has-style\" ><div class=\"siteorigin-panels-stretch panel-row-style panel-row-style-for-250-2\" data-stretch-type=\"full\" ><div id=\"pgc-250-2-0\"  class=\"panel-grid-cell\" ><div id=\"panel-250-2-0-0\" class=\"so-panel widget widget_sow-image panel-first-child\" data-index=\"5\" ><div\n\t\t\t\n\t\t\tclass=\"so-widget-sow-image so-widget-sow-image-default-c67d20f9f743-250\"\n\t\t\t\n\t\t>\n<div class=\"sow-image-container\">\n\t\t\t<a href=\"http:\/\/www.arteypasiondelsur.com\/joyeria\/contacto\"\n\t\t\ttarget=\"_blank\" rel=\"noopener noreferrer\" \t\t>\n\t\t\t<img \n\tsrc=\"https:\/\/www.arteypasiondelsur.com\/joyeria\/wp-content\/uploads\/sites\/2\/2014\/08\/505033-tumblr_m815dyTwTZ1rysqvgo1_1280-150x150.png\" width=\"150\" height=\"150\" srcset=\"https:\/\/www.arteypasiondelsur.com\/joyeria\/wp-content\/uploads\/sites\/2\/2014\/08\/505033-tumblr_m815dyTwTZ1rysqvgo1_1280-150x150.png 150w, https:\/\/www.arteypasiondelsur.com\/joyeria\/wp-content\/uploads\/sites\/2\/2014\/08\/505033-tumblr_m815dyTwTZ1rysqvgo1_1280-300x300.png 300w, https:\/\/www.arteypasiondelsur.com\/joyeria\/wp-content\/uploads\/sites\/2\/2014\/08\/505033-tumblr_m815dyTwTZ1rysqvgo1_1280-157x157.png 157w, https:\/\/www.arteypasiondelsur.com\/joyeria\/wp-content\/uploads\/sites\/2\/2014\/08\/505033-tumblr_m815dyTwTZ1rysqvgo1_1280-400x400.png 400w, https:\/\/www.arteypasiondelsur.com\/joyeria\/wp-content\/uploads\/sites\/2\/2014\/08\/505033-tumblr_m815dyTwTZ1rysqvgo1_1280-510x510.png 510w, https:\/\/www.arteypasiondelsur.com\/joyeria\/wp-content\/uploads\/sites\/2\/2014\/08\/505033-tumblr_m815dyTwTZ1rysqvgo1_1280.png 700w\" sizes=\"(max-width: 150px) 100vw, 150px\" title=\"presupuesto\" alt=\"presupuesto\" loading=\"lazy\" \t\tclass=\"so-widget-image\"\/>\n\t\t\t<\/a><\/div>\n\n<\/div><\/div><div id=\"panel-250-2-0-1\" class=\"so-panel widget widget_sow-editor panel-last-child\" data-index=\"6\" ><div\n\t\t\t\n\t\t\tclass=\"so-widget-sow-editor so-widget-sow-editor-base\"\n\t\t\t\n\t\t>\n<div class=\"siteorigin-widget-tinymce textwidget\">\n\t<p style=\"text-align: center;\"><span style=\"color: #000000;\"><strong>P\u00cdDANOS PRESUPUESTO<\/strong><\/span><\/p>\n<p style=\"text-align: center;\">Puede enviarnos una imagen de su pieza para una mejor valoraci\u00f3n.<\/p>\n<\/div>\n<\/div><\/div><\/div><div id=\"pgc-250-2-1\"  class=\"panel-grid-cell\" ><div id=\"panel-250-2-1-0\" class=\"so-panel widget widget_sow-image panel-first-child\" data-index=\"7\" ><div\n\t\t\t\n\t\t\tclass=\"so-widget-sow-image so-widget-sow-image-default-c67d20f9f743-250\"\n\t\t\t\n\t\t>\n<div class=\"sow-image-container\">\n\t\t\t<a href=\"http:\/\/www.arteypasiondelsur.com\/joyeria\/contacto\"\n\t\t\ttarget=\"_blank\" rel=\"noopener noreferrer\" \t\t>\n\t\t\t<img \n\tsrc=\"https:\/\/www.arteypasiondelsur.com\/joyeria\/wp-content\/uploads\/sites\/2\/2014\/08\/44266-150x150.png\" width=\"150\" height=\"150\" srcset=\"https:\/\/www.arteypasiondelsur.com\/joyeria\/wp-content\/uploads\/sites\/2\/2014\/08\/44266-150x150.png 150w, https:\/\/www.arteypasiondelsur.com\/joyeria\/wp-content\/uploads\/sites\/2\/2014\/08\/44266-157x157.png 157w, https:\/\/www.arteypasiondelsur.com\/joyeria\/wp-content\/uploads\/sites\/2\/2014\/08\/44266-400x400.png 400w\" sizes=\"(max-width: 150px) 100vw, 150px\" title=\"env\u00edo\" alt=\"\" loading=\"lazy\" \t\tclass=\"so-widget-image\"\/>\n\t\t\t<\/a><\/div>\n\n<\/div><\/div><div id=\"panel-250-2-1-1\" class=\"so-panel widget widget_sow-editor panel-last-child\" data-index=\"8\" ><div\n\t\t\t\n\t\t\tclass=\"so-widget-sow-editor so-widget-sow-editor-base\"\n\t\t\t\n\t\t>\n<div class=\"siteorigin-widget-tinymce textwidget\">\n\t<p style=\"text-align: center;\"><span style=\"color: #000000;\"><strong>ENV\u00cdENOS SU PIEZA<\/strong><\/span><\/p>\n<p style=\"text-align: center;\">Si est\u00e1 conforme con\u00a0su presupuesto env\u00edenos su\u00a0pieza.<\/p>\n<\/div>\n<\/div><\/div><\/div><div id=\"pgc-250-2-2\"  class=\"panel-grid-cell\" ><div id=\"panel-250-2-2-0\" class=\"so-panel widget widget_sow-image panel-first-child\" data-index=\"9\" ><div\n\t\t\t\n\t\t\tclass=\"so-widget-sow-image so-widget-sow-image-default-c67d20f9f743-250\"\n\t\t\t\n\t\t>\n<div class=\"sow-image-container\">\n\t\t\t<a href=\"http:\/\/www.arteypasiondelsur.com\/joyeria\/contacto\"\n\t\t\ttarget=\"_blank\" rel=\"noopener noreferrer\" \t\t>\n\t\t\t<img \n\tsrc=\"https:\/\/www.arteypasiondelsur.com\/joyeria\/wp-content\/uploads\/sites\/2\/2014\/08\/ok-150x150.jpg\" width=\"150\" height=\"150\" srcset=\"https:\/\/www.arteypasiondelsur.com\/joyeria\/wp-content\/uploads\/sites\/2\/2014\/08\/ok-150x150.jpg 150w, https:\/\/www.arteypasiondelsur.com\/joyeria\/wp-content\/uploads\/sites\/2\/2014\/08\/ok-300x300.jpg 300w, https:\/\/www.arteypasiondelsur.com\/joyeria\/wp-content\/uploads\/sites\/2\/2014\/08\/ok-157x157.jpg 157w, https:\/\/www.arteypasiondelsur.com\/joyeria\/wp-content\/uploads\/sites\/2\/2014\/08\/ok-400x400.jpg 400w, https:\/\/www.arteypasiondelsur.com\/joyeria\/wp-content\/uploads\/sites\/2\/2014\/08\/ok-510x510.jpg 510w, https:\/\/www.arteypasiondelsur.com\/joyeria\/wp-content\/uploads\/sites\/2\/2014\/08\/ok.jpg 626w\" sizes=\"(max-width: 150px) 100vw, 150px\" alt=\"productos de calidad\" loading=\"lazy\" \t\tclass=\"so-widget-image\"\/>\n\t\t\t<\/a><\/div>\n\n<\/div><\/div><div id=\"panel-250-2-2-1\" class=\"so-panel widget widget_sow-editor panel-last-child\" data-index=\"10\" ><div\n\t\t\t\n\t\t\tclass=\"so-widget-sow-editor so-widget-sow-editor-base\"\n\t\t\t\n\t\t>\n<div class=\"siteorigin-widget-tinymce textwidget\">\n\t<p style=\"text-align: center;\"><span style=\"color: #000000;\"><strong>DISFRUTE DE SU PIEZA MEJORADA<\/strong><\/span><\/p>\n<p style=\"text-align: center;\">En un m\u00e1x de 15 d\u00edas aproximadamente le devolvemos su pieza restaurada.<\/p>\n<\/div>\n<\/div><\/div><\/div><\/div><\/div><\/div>","protected":false},"excerpt":{"rendered":"<div class=\"slide-text-bg2\"><span>\u00a0Si busca dar un ba\u00f1o de metal o chapado en cualquier tipo de pieza como relojes, pulseras, plater\u00eda&#8230; Arte y Pasi\u00f3n del Sur es su mejor elecci\u00f3n. Ga<\/span><\/div>\n<div class=\"slide-btn-area-sm\"><a href=\"https:\/\/www.arteypasiondelsur.com\/joyeria\/\" class=\"slide-btn-sm\">Leer m\u00e1s<\/a><\/div>\n","protected":false},"author":1,"featured_media":0,"parent":0,"menu_order":0,"comment_status":"closed","ping_status":"closed","template":"","meta":{"_monsterinsights_skip_tracking":false,"_monsterinsights_sitenote_active":false,"_monsterinsights_sitenote_note":"","_monsterinsights_sitenote_category":0},"yoast_head":"<!-- This site is optimized with the Yoast SEO plugin v20.5 - https:\/\/yoast.com\/wordpress\/plugins\/seo\/ -->\n<title>Chapados de oro, plata y rodio. Restauraci\u00f3n de piezas<\/title>\n<meta name=\"description\" content=\"Especialistas en chapados de oro, plata y rodio. Cubra su pieza de acero del metal que m\u00e1s desee. Acabados profesionales y garant\u00eda asegurados\" \/>\n<meta name=\"robots\" content=\"index, follow, max-snippet:-1, max-image-preview:large, max-video-preview:-1\" \/>\n<link rel=\"canonical\" href=\"https:\/\/www.arteypasiondelsur.com\/joyeria\/\" \/>\n<meta property=\"og:locale\" content=\"es_ES\" \/>\n<meta property=\"og:type\" content=\"article\" \/>\n<meta property=\"og:title\" content=\"Chapados de oro, plata y rodio. Restauraci\u00f3n de piezas\" \/>\n<meta property=\"og:description\" content=\"Especialistas en chapados de oro, plata y rodio. Cubra su pieza de acero del metal que m\u00e1s desee. Acabados profesionales y garant\u00eda asegurados\" \/>\n<meta property=\"og:url\" content=\"https:\/\/www.arteypasiondelsur.com\/joyeria\/\" \/>\n<meta property=\"og:site_name\" content=\"Ba\u00f1os de oro y plata. Restauraci\u00f3n de piezas met\u00e1licas y no met\u00e1licas\" \/>\n<meta property=\"article:publisher\" content=\"https:\/\/www.facebook.com\/Arte-y-Pasi%c3%b3n-del-Sur-1455244028069329\/?fref=ts\" \/>\n<meta property=\"article:modified_time\" content=\"2019-05-27T16:31:06+00:00\" \/>\n<meta property=\"og:image\" content=\"https:\/\/www.arteypasiondelsur.com\/joyeria\/wp-content\/uploads\/sites\/2\/2014\/08\/chapado-reloj-300x173.jpg\" \/>\n<meta name=\"twitter:label1\" content=\"Tiempo de lectura\" \/>\n\t<meta name=\"twitter:data1\" content=\"2 minutos\" \/>\n<script type=\"application\/ld+json\" class=\"yoast-schema-graph\">{\"@context\":\"https:\/\/schema.org\",\"@graph\":[{\"@type\":\"WebPage\",\"@id\":\"https:\/\/www.arteypasiondelsur.com\/joyeria\/\",\"url\":\"https:\/\/www.arteypasiondelsur.com\/joyeria\/\",\"name\":\"Chapados de oro, plata y rodio. Restauraci\u00f3n de piezas\",\"isPartOf\":{\"@id\":\"https:\/\/www.arteypasiondelsur.com\/joyeria\/#website\"},\"datePublished\":\"2014-08-24T04:12:13+00:00\",\"dateModified\":\"2019-05-27T16:31:06+00:00\",\"description\":\"Especialistas en chapados de oro, plata y rodio. Cubra su pieza de acero del metal que m\u00e1s desee. Acabados profesionales y garant\u00eda asegurados\",\"breadcrumb\":{\"@id\":\"https:\/\/www.arteypasiondelsur.com\/joyeria\/#breadcrumb\"},\"inLanguage\":\"es\",\"potentialAction\":[{\"@type\":\"ReadAction\",\"target\":[\"https:\/\/www.arteypasiondelsur.com\/joyeria\/\"]}]},{\"@type\":\"BreadcrumbList\",\"@id\":\"https:\/\/www.arteypasiondelsur.com\/joyeria\/#breadcrumb\",\"itemListElement\":[{\"@type\":\"ListItem\",\"position\":1,\"name\":\"Portada\",\"item\":\"https:\/\/www.arteypasiondelsur.com\/joyeria\/\"},{\"@type\":\"ListItem\",\"position\":2,\"name\":\"Chapados de oro, rodio y plata\"}]},{\"@type\":\"WebSite\",\"@id\":\"https:\/\/www.arteypasiondelsur.com\/joyeria\/#website\",\"url\":\"https:\/\/www.arteypasiondelsur.com\/joyeria\/\",\"name\":\"Ba\u00f1os de oro y plata. Restauraci\u00f3n de piezas met\u00e1licas y no met\u00e1licas\",\"description\":\"Ba\u00f1os de oro, plata y restauraci\u00f3n de todo tipo de piezas; met\u00e1licas y no met\u00e1licas con total garant\u00eda\",\"publisher\":{\"@id\":\"https:\/\/www.arteypasiondelsur.com\/joyeria\/#organization\"},\"potentialAction\":[{\"@type\":\"SearchAction\",\"target\":{\"@type\":\"EntryPoint\",\"urlTemplate\":\"https:\/\/www.arteypasiondelsur.com\/joyeria\/?s={search_term_string}\"},\"query-input\":\"required name=search_term_string\"}],\"inLanguage\":\"es\"},{\"@type\":\"Organization\",\"@id\":\"https:\/\/www.arteypasiondelsur.com\/joyeria\/#organization\",\"name\":\"Ba\u00f1os de oro y plata. Restauraci\u00f3n de piezas met\u00e1licas y no met\u00e1licas\",\"url\":\"https:\/\/www.arteypasiondelsur.com\/joyeria\/\",\"logo\":{\"@type\":\"ImageObject\",\"inLanguage\":\"es\",\"@id\":\"https:\/\/www.arteypasiondelsur.com\/joyeria\/#\/schema\/logo\/image\/\",\"url\":\"https:\/\/www.arteypasiondelsur.com\/joyeria\/wp-content\/uploads\/sites\/2\/2017\/08\/cropped-ayp_web.jpg\",\"contentUrl\":\"https:\/\/www.arteypasiondelsur.com\/joyeria\/wp-content\/uploads\/sites\/2\/2017\/08\/cropped-ayp_web.jpg\",\"width\":150,\"height\":56,\"caption\":\"Ba\u00f1os de oro y plata. Restauraci\u00f3n de piezas met\u00e1licas y no met\u00e1licas\"},\"image\":{\"@id\":\"https:\/\/www.arteypasiondelsur.com\/joyeria\/#\/schema\/logo\/image\/\"},\"sameAs\":[\"https:\/\/www.facebook.com\/Arte-y-Pasi\u00f3n-del-Sur-1455244028069329\/?fref=ts\",\"https:\/\/twitter.com\/ArteYPasionSur\"]}]}<\/script>\n<!-- \/ Yoast SEO plugin. -->","yoast_head_json":{"title":"Chapados de oro, plata y rodio. Restauraci\u00f3n de piezas","description":"Especialistas en chapados de oro, plata y rodio. Cubra su pieza de acero del metal que m\u00e1s desee. Acabados profesionales y garant\u00eda asegurados","robots":{"index":"index","follow":"follow","max-snippet":"max-snippet:-1","max-image-preview":"max-image-preview:large","max-video-preview":"max-video-preview:-1"},"canonical":"https:\/\/www.arteypasiondelsur.com\/joyeria\/","og_locale":"es_ES","og_type":"article","og_title":"Chapados de oro, plata y rodio. Restauraci\u00f3n de piezas","og_description":"Especialistas en chapados de oro, plata y rodio. Cubra su pieza de acero del metal que m\u00e1s desee. Acabados profesionales y garant\u00eda asegurados","og_url":"https:\/\/www.arteypasiondelsur.com\/joyeria\/","og_site_name":"Ba\u00f1os de oro y plata. Restauraci\u00f3n de piezas met\u00e1licas y no met\u00e1licas","article_publisher":"https:\/\/www.facebook.com\/Arte-y-Pasi%c3%b3n-del-Sur-1455244028069329\/?fref=ts","article_modified_time":"2019-05-27T16:31:06+00:00","og_image":[{"url":"https:\/\/www.arteypasiondelsur.com\/joyeria\/wp-content\/uploads\/sites\/2\/2014\/08\/chapado-reloj-300x173.jpg"}],"twitter_misc":{"Tiempo de lectura":"2 minutos"},"schema":{"@context":"https:\/\/schema.org","@graph":[{"@type":"WebPage","@id":"https:\/\/www.arteypasiondelsur.com\/joyeria\/","url":"https:\/\/www.arteypasiondelsur.com\/joyeria\/","name":"Chapados de oro, plata y rodio. Restauraci\u00f3n de piezas","isPartOf":{"@id":"https:\/\/www.arteypasiondelsur.com\/joyeria\/#website"},"datePublished":"2014-08-24T04:12:13+00:00","dateModified":"2019-05-27T16:31:06+00:00","description":"Especialistas en chapados de oro, plata y rodio. Cubra su pieza de acero del metal que m\u00e1s desee. Acabados profesionales y garant\u00eda asegurados","breadcrumb":{"@id":"https:\/\/www.arteypasiondelsur.com\/joyeria\/#breadcrumb"},"inLanguage":"es","potentialAction":[{"@type":"ReadAction","target":["https:\/\/www.arteypasiondelsur.com\/joyeria\/"]}]},{"@type":"BreadcrumbList","@id":"https:\/\/www.arteypasiondelsur.com\/joyeria\/#breadcrumb","itemListElement":[{"@type":"ListItem","position":1,"name":"Portada","item":"https:\/\/www.arteypasiondelsur.com\/joyeria\/"},{"@type":"ListItem","position":2,"name":"Chapados de oro, rodio y plata"}]},{"@type":"WebSite","@id":"https:\/\/www.arteypasiondelsur.com\/joyeria\/#website","url":"https:\/\/www.arteypasiondelsur.com\/joyeria\/","name":"Ba\u00f1os de oro y plata. Restauraci\u00f3n de piezas met\u00e1licas y no met\u00e1licas","description":"Ba\u00f1os de oro, plata y restauraci\u00f3n de todo tipo de piezas; met\u00e1licas y no met\u00e1licas con total garant\u00eda","publisher":{"@id":"https:\/\/www.arteypasiondelsur.com\/joyeria\/#organization"},"potentialAction":[{"@type":"SearchAction","target":{"@type":"EntryPoint","urlTemplate":"https:\/\/www.arteypasiondelsur.com\/joyeria\/?s={search_term_string}"},"query-input":"required name=search_term_string"}],"inLanguage":"es"},{"@type":"Organization","@id":"https:\/\/www.arteypasiondelsur.com\/joyeria\/#organization","name":"Ba\u00f1os de oro y plata. Restauraci\u00f3n de piezas met\u00e1licas y no met\u00e1licas","url":"https:\/\/www.arteypasiondelsur.com\/joyeria\/","logo":{"@type":"ImageObject","inLanguage":"es","@id":"https:\/\/www.arteypasiondelsur.com\/joyeria\/#\/schema\/logo\/image\/","url":"https:\/\/www.arteypasiondelsur.com\/joyeria\/wp-content\/uploads\/sites\/2\/2017\/08\/cropped-ayp_web.jpg","contentUrl":"https:\/\/www.arteypasiondelsur.com\/joyeria\/wp-content\/uploads\/sites\/2\/2017\/08\/cropped-ayp_web.jpg","width":150,"height":56,"caption":"Ba\u00f1os de oro y plata. Restauraci\u00f3n de piezas met\u00e1licas y no met\u00e1licas"},"image":{"@id":"https:\/\/www.arteypasiondelsur.com\/joyeria\/#\/schema\/logo\/image\/"},"sameAs":["https:\/\/www.facebook.com\/Arte-y-Pasi\u00f3n-del-Sur-1455244028069329\/?fref=ts","https:\/\/twitter.com\/ArteYPasionSur"]}]}},"_links":{"self":[{"href":"https:\/\/www.arteypasiondelsur.com\/joyeria\/wp-json\/wp\/v2\/pages\/250"}],"collection":[{"href":"https:\/\/www.arteypasiondelsur.com\/joyeria\/wp-json\/wp\/v2\/pages"}],"about":[{"href":"https:\/\/www.arteypasiondelsur.com\/joyeria\/wp-json\/wp\/v2\/types\/page"}],"author":[{"embeddable":true,"href":"https:\/\/www.arteypasiondelsur.com\/joyeria\/wp-json\/wp\/v2\/users\/1"}],"replies":[{"embeddable":true,"href":"https:\/\/www.arteypasiondelsur.com\/joyeria\/wp-json\/wp\/v2\/comments?post=250"}],"version-history":[{"count":41,"href":"https:\/\/www.arteypasiondelsur.com\/joyeria\/wp-json\/wp\/v2\/pages\/250\/revisions"}],"predecessor-version":[{"id":1246,"href":"https:\/\/www.arteypasiondelsur.com\/joyeria\/wp-json\/wp\/v2\/pages\/250\/revisions\/1246"}],"wp:attachment":[{"href":"https:\/\/www.arteypasiondelsur.com\/joyeria\/wp-json\/wp\/v2\/media?parent=250"}],"curies":[{"name":"wp","href":"https:\/\/api.w.org\/{rel}","templated":true}]}}