{"id":1171,"date":"2019-04-01T17:30:38","date_gmt":"2019-04-01T15:30:38","guid":{"rendered":"http:\/\/www.arteypasiondelsur.com\/joyeria\/?page_id=1171"},"modified":"2019-04-01T17:37:30","modified_gmt":"2019-04-01T15:37:30","slug":"chapados-hipoalergenicos","status":"publish","type":"page","link":"https:\/\/www.arteypasiondelsur.com\/joyeria\/chapados-hipoalergenicos\/","title":{"rendered":"Chapados hipoalerg\u00e9nicos"},"content":{"rendered":"<p>En Arte y Pasi\u00f3n del Sur utilizamos solo materiales hipoalerg\u00e9nicos. Nuestros <strong>chapados hipoalerg\u00e9nicos<\/strong> no causan reacciones en la piel para personas que tienen alergias.<\/p>\n<p>Normalmente puede haber problemas de alergia con piezas chapadas debido a que se usan ba\u00f1os superficiales para darles color. Uno de los materiales que m\u00e1s reacciones provocan es el n\u00edquel y sobre esto existe una normativa europea sobre la cantidad que se\u00a0 puede encontrar en una pieza de joyer\u00eda o bisuter\u00eda.<\/p>\n<p>Se emplea n\u00edquel previamente sobre la pieza para que el ba\u00f1o de metal se fije m\u00e1s f\u00e1cilmente. En este caso <strong>nuestros ba\u00f1os y chapados no llevan niquel ni productos hipoalerg\u00e9nicos.<\/strong><\/p>\n<p>Buscamos siempre el mejor resultado y la mayor calidad en nuestros trabajos y ponemos gran preocupaci\u00f3n en no causar ninguna reacci\u00f3n en las personas de baja y media sensibilidad en la piel.<a href=\"https:\/\/www.arteypasiondelsur.com\/joyeria\/wp-content\/uploads\/sites\/2\/2014\/08\/hipoalerg\u00e9nico.jpg\"><img decoding=\"async\" loading=\"lazy\" class=\"size-full wp-image-1028 alignright\" src=\"https:\/\/www.arteypasiondelsur.com\/joyeria\/wp-content\/uploads\/sites\/2\/2014\/08\/hipoalerg\u00e9nico.jpg\" alt=\"chapados hipoalerg\u00e9nicos\" width=\"300\" height=\"300\" srcset=\"https:\/\/www.arteypasiondelsur.com\/joyeria\/wp-content\/uploads\/sites\/2\/2014\/08\/hipoalerg\u00e9nico.jpg 300w, https:\/\/www.arteypasiondelsur.com\/joyeria\/wp-content\/uploads\/sites\/2\/2014\/08\/hipoalerg\u00e9nico-150x150.jpg 150w, https:\/\/www.arteypasiondelsur.com\/joyeria\/wp-content\/uploads\/sites\/2\/2014\/08\/hipoalerg\u00e9nico-157x157.jpg 157w\" sizes=\"(max-width: 300px) 100vw, 300px\" \/><\/a><\/p>\n<p>La alergia al n\u00edquel es un tipo de alergia por contacto y es m\u00e1s com\u00fan en mujeres que en hombres.<\/p>\n<p>Nuestros productos se fabrican conforme a la <a href=\"https:\/\/upcommons.upc.edu\/bitstream\/handle\/2099.1\/3177\/40859-3.pdf?sequence=3&amp;isAllowed=y\" target=\"_blank\" rel=\"noopener\">Directiva CE 94\/27<\/a>. Esta directiva establece valores l\u00edmite para productos que permanecen en contacto prologando con la piel como son los relojes, pulseras, colgantes, anillos, etc.<\/p>\n<p>Esta directiva considera exentos de n\u00edquel aquellos art\u00edculos que liberen un m\u00e1ximo de 0,5\u03bcg<b>\u00a0<\/b>de n\u00edquel por cm2 a la semana.<\/p>\n<p>&nbsp;<\/p>\n<p>&nbsp;<\/p>\n","protected":false},"excerpt":{"rendered":"<div class=\"slide-text-bg2\"><span>En Arte y Pasi\u00f3n del Sur utilizamos solo materiales hipoalerg\u00e9nicos. Nuestros chapados hipoalerg\u00e9nicos no causan reacciones en la piel para personas que<\/span><\/div>\n<div class=\"slide-btn-area-sm\"><a href=\"https:\/\/www.arteypasiondelsur.com\/joyeria\/chapados-hipoalergenicos\/\" class=\"slide-btn-sm\">Leer m\u00e1s<\/a><\/div>\n","protected":false},"author":3,"featured_media":0,"parent":0,"menu_order":0,"comment_status":"closed","ping_status":"closed","template":"","meta":{"_monsterinsights_skip_tracking":false,"_monsterinsights_sitenote_active":false,"_monsterinsights_sitenote_note":"","_monsterinsights_sitenote_category":0},"yoast_head":"<!-- This site is optimized with the Yoast SEO plugin v20.5 - https:\/\/yoast.com\/wordpress\/plugins\/seo\/ -->\n<title>Chapados hipoalerg\u00e9nicos. Libres de n\u00edquel. No causan alergias<\/title>\n<meta name=\"description\" content=\"En Arte y Pasi\u00f3n del Sur realizamos solo ba\u00f1os y chapados hipoalerg\u00e9nicos. Est\u00e1n libres de n\u00edquel por lo que no causan reacciones al\u00e9rgicas en la piel a personas con sensibilidad baja o media,\" \/>\n<meta name=\"robots\" content=\"index, follow, max-snippet:-1, max-image-preview:large, max-video-preview:-1\" \/>\n<link rel=\"canonical\" href=\"https:\/\/www.arteypasiondelsur.com\/joyeria\/chapados-hipoalergenicos\/\" \/>\n<meta property=\"og:locale\" content=\"es_ES\" \/>\n<meta property=\"og:type\" content=\"article\" \/>\n<meta property=\"og:title\" content=\"Chapados hipoalerg\u00e9nicos. Libres de n\u00edquel. No causan alergias\" \/>\n<meta property=\"og:description\" content=\"En Arte y Pasi\u00f3n del Sur realizamos solo ba\u00f1os y chapados hipoalerg\u00e9nicos. Est\u00e1n libres de n\u00edquel por lo que no causan reacciones al\u00e9rgicas en la piel a personas con sensibilidad baja o media,\" \/>\n<meta property=\"og:url\" content=\"https:\/\/www.arteypasiondelsur.com\/joyeria\/chapados-hipoalergenicos\/\" \/>\n<meta property=\"og:site_name\" content=\"Ba\u00f1os de oro y plata. Restauraci\u00f3n de piezas met\u00e1licas y no met\u00e1licas\" \/>\n<meta property=\"article:publisher\" content=\"https:\/\/www.facebook.com\/Arte-y-Pasi%c3%b3n-del-Sur-1455244028069329\/?fref=ts\" \/>\n<meta property=\"article:modified_time\" content=\"2019-04-01T15:37:30+00:00\" \/>\n<meta name=\"twitter:label1\" content=\"Tiempo de lectura\" \/>\n\t<meta name=\"twitter:data1\" content=\"1 minuto\" \/>\n<script type=\"application\/ld+json\" class=\"yoast-schema-graph\">{\"@context\":\"https:\/\/schema.org\",\"@graph\":[{\"@type\":\"WebPage\",\"@id\":\"https:\/\/www.arteypasiondelsur.com\/joyeria\/chapados-hipoalergenicos\/\",\"url\":\"https:\/\/www.arteypasiondelsur.com\/joyeria\/chapados-hipoalergenicos\/\",\"name\":\"Chapados hipoalerg\u00e9nicos. Libres de n\u00edquel. No causan alergias\",\"isPartOf\":{\"@id\":\"https:\/\/www.arteypasiondelsur.com\/joyeria\/#website\"},\"datePublished\":\"2019-04-01T15:30:38+00:00\",\"dateModified\":\"2019-04-01T15:37:30+00:00\",\"description\":\"En Arte y Pasi\u00f3n del Sur realizamos solo ba\u00f1os y chapados hipoalerg\u00e9nicos. Est\u00e1n libres de n\u00edquel por lo que no causan reacciones al\u00e9rgicas en la piel a personas con sensibilidad baja o media,\",\"breadcrumb\":{\"@id\":\"https:\/\/www.arteypasiondelsur.com\/joyeria\/chapados-hipoalergenicos\/#breadcrumb\"},\"inLanguage\":\"es\",\"potentialAction\":[{\"@type\":\"ReadAction\",\"target\":[\"https:\/\/www.arteypasiondelsur.com\/joyeria\/chapados-hipoalergenicos\/\"]}]},{\"@type\":\"BreadcrumbList\",\"@id\":\"https:\/\/www.arteypasiondelsur.com\/joyeria\/chapados-hipoalergenicos\/#breadcrumb\",\"itemListElement\":[{\"@type\":\"ListItem\",\"position\":1,\"name\":\"Portada\",\"item\":\"https:\/\/www.arteypasiondelsur.com\/joyeria\/\"},{\"@type\":\"ListItem\",\"position\":2,\"name\":\"Chapados hipoalerg\u00e9nicos\"}]},{\"@type\":\"WebSite\",\"@id\":\"https:\/\/www.arteypasiondelsur.com\/joyeria\/#website\",\"url\":\"https:\/\/www.arteypasiondelsur.com\/joyeria\/\",\"name\":\"Ba\u00f1os de oro y plata. Restauraci\u00f3n de piezas met\u00e1licas y no met\u00e1licas\",\"description\":\"Ba\u00f1os de oro, plata y restauraci\u00f3n de todo tipo de piezas; met\u00e1licas y no met\u00e1licas con total garant\u00eda\",\"publisher\":{\"@id\":\"https:\/\/www.arteypasiondelsur.com\/joyeria\/#organization\"},\"potentialAction\":[{\"@type\":\"SearchAction\",\"target\":{\"@type\":\"EntryPoint\",\"urlTemplate\":\"https:\/\/www.arteypasiondelsur.com\/joyeria\/?s={search_term_string}\"},\"query-input\":\"required name=search_term_string\"}],\"inLanguage\":\"es\"},{\"@type\":\"Organization\",\"@id\":\"https:\/\/www.arteypasiondelsur.com\/joyeria\/#organization\",\"name\":\"Ba\u00f1os de oro y plata. Restauraci\u00f3n de piezas met\u00e1licas y no met\u00e1licas\",\"url\":\"https:\/\/www.arteypasiondelsur.com\/joyeria\/\",\"logo\":{\"@type\":\"ImageObject\",\"inLanguage\":\"es\",\"@id\":\"https:\/\/www.arteypasiondelsur.com\/joyeria\/#\/schema\/logo\/image\/\",\"url\":\"https:\/\/www.arteypasiondelsur.com\/joyeria\/wp-content\/uploads\/sites\/2\/2017\/08\/cropped-ayp_web.jpg\",\"contentUrl\":\"https:\/\/www.arteypasiondelsur.com\/joyeria\/wp-content\/uploads\/sites\/2\/2017\/08\/cropped-ayp_web.jpg\",\"width\":150,\"height\":56,\"caption\":\"Ba\u00f1os de oro y plata. Restauraci\u00f3n de piezas met\u00e1licas y no met\u00e1licas\"},\"image\":{\"@id\":\"https:\/\/www.arteypasiondelsur.com\/joyeria\/#\/schema\/logo\/image\/\"},\"sameAs\":[\"https:\/\/www.facebook.com\/Arte-y-Pasi\u00f3n-del-Sur-1455244028069329\/?fref=ts\",\"https:\/\/twitter.com\/ArteYPasionSur\"]}]}<\/script>\n<!-- \/ Yoast SEO plugin. -->","yoast_head_json":{"title":"Chapados hipoalerg\u00e9nicos. Libres de n\u00edquel. No causan alergias","description":"En Arte y Pasi\u00f3n del Sur realizamos solo ba\u00f1os y chapados hipoalerg\u00e9nicos. Est\u00e1n libres de n\u00edquel por lo que no causan reacciones al\u00e9rgicas en la piel a personas con sensibilidad baja o media,","robots":{"index":"index","follow":"follow","max-snippet":"max-snippet:-1","max-image-preview":"max-image-preview:large","max-video-preview":"max-video-preview:-1"},"canonical":"https:\/\/www.arteypasiondelsur.com\/joyeria\/chapados-hipoalergenicos\/","og_locale":"es_ES","og_type":"article","og_title":"Chapados hipoalerg\u00e9nicos. Libres de n\u00edquel. No causan alergias","og_description":"En Arte y Pasi\u00f3n del Sur realizamos solo ba\u00f1os y chapados hipoalerg\u00e9nicos. Est\u00e1n libres de n\u00edquel por lo que no causan reacciones al\u00e9rgicas en la piel a personas con sensibilidad baja o media,","og_url":"https:\/\/www.arteypasiondelsur.com\/joyeria\/chapados-hipoalergenicos\/","og_site_name":"Ba\u00f1os de oro y plata. Restauraci\u00f3n de piezas met\u00e1licas y no met\u00e1licas","article_publisher":"https:\/\/www.facebook.com\/Arte-y-Pasi%c3%b3n-del-Sur-1455244028069329\/?fref=ts","article_modified_time":"2019-04-01T15:37:30+00:00","twitter_misc":{"Tiempo de lectura":"1 minuto"},"schema":{"@context":"https:\/\/schema.org","@graph":[{"@type":"WebPage","@id":"https:\/\/www.arteypasiondelsur.com\/joyeria\/chapados-hipoalergenicos\/","url":"https:\/\/www.arteypasiondelsur.com\/joyeria\/chapados-hipoalergenicos\/","name":"Chapados hipoalerg\u00e9nicos. Libres de n\u00edquel. No causan alergias","isPartOf":{"@id":"https:\/\/www.arteypasiondelsur.com\/joyeria\/#website"},"datePublished":"2019-04-01T15:30:38+00:00","dateModified":"2019-04-01T15:37:30+00:00","description":"En Arte y Pasi\u00f3n del Sur realizamos solo ba\u00f1os y chapados hipoalerg\u00e9nicos. Est\u00e1n libres de n\u00edquel por lo que no causan reacciones al\u00e9rgicas en la piel a personas con sensibilidad baja o media,","breadcrumb":{"@id":"https:\/\/www.arteypasiondelsur.com\/joyeria\/chapados-hipoalergenicos\/#breadcrumb"},"inLanguage":"es","potentialAction":[{"@type":"ReadAction","target":["https:\/\/www.arteypasiondelsur.com\/joyeria\/chapados-hipoalergenicos\/"]}]},{"@type":"BreadcrumbList","@id":"https:\/\/www.arteypasiondelsur.com\/joyeria\/chapados-hipoalergenicos\/#breadcrumb","itemListElement":[{"@type":"ListItem","position":1,"name":"Portada","item":"https:\/\/www.arteypasiondelsur.com\/joyeria\/"},{"@type":"ListItem","position":2,"name":"Chapados hipoalerg\u00e9nicos"}]},{"@type":"WebSite","@id":"https:\/\/www.arteypasiondelsur.com\/joyeria\/#website","url":"https:\/\/www.arteypasiondelsur.com\/joyeria\/","name":"Ba\u00f1os de oro y plata. Restauraci\u00f3n de piezas met\u00e1licas y no met\u00e1licas","description":"Ba\u00f1os de oro, plata y restauraci\u00f3n de todo tipo de piezas; met\u00e1licas y no met\u00e1licas con total garant\u00eda","publisher":{"@id":"https:\/\/www.arteypasiondelsur.com\/joyeria\/#organization"},"potentialAction":[{"@type":"SearchAction","target":{"@type":"EntryPoint","urlTemplate":"https:\/\/www.arteypasiondelsur.com\/joyeria\/?s={search_term_string}"},"query-input":"required name=search_term_string"}],"inLanguage":"es"},{"@type":"Organization","@id":"https:\/\/www.arteypasiondelsur.com\/joyeria\/#organization","name":"Ba\u00f1os de oro y plata. Restauraci\u00f3n de piezas met\u00e1licas y no met\u00e1licas","url":"https:\/\/www.arteypasiondelsur.com\/joyeria\/","logo":{"@type":"ImageObject","inLanguage":"es","@id":"https:\/\/www.arteypasiondelsur.com\/joyeria\/#\/schema\/logo\/image\/","url":"https:\/\/www.arteypasiondelsur.com\/joyeria\/wp-content\/uploads\/sites\/2\/2017\/08\/cropped-ayp_web.jpg","contentUrl":"https:\/\/www.arteypasiondelsur.com\/joyeria\/wp-content\/uploads\/sites\/2\/2017\/08\/cropped-ayp_web.jpg","width":150,"height":56,"caption":"Ba\u00f1os de oro y plata. Restauraci\u00f3n de piezas met\u00e1licas y no met\u00e1licas"},"image":{"@id":"https:\/\/www.arteypasiondelsur.com\/joyeria\/#\/schema\/logo\/image\/"},"sameAs":["https:\/\/www.facebook.com\/Arte-y-Pasi\u00f3n-del-Sur-1455244028069329\/?fref=ts","https:\/\/twitter.com\/ArteYPasionSur"]}]}},"_links":{"self":[{"href":"https:\/\/www.arteypasiondelsur.com\/joyeria\/wp-json\/wp\/v2\/pages\/1171"}],"collection":[{"href":"https:\/\/www.arteypasiondelsur.com\/joyeria\/wp-json\/wp\/v2\/pages"}],"about":[{"href":"https:\/\/www.arteypasiondelsur.com\/joyeria\/wp-json\/wp\/v2\/types\/page"}],"author":[{"embeddable":true,"href":"https:\/\/www.arteypasiondelsur.com\/joyeria\/wp-json\/wp\/v2\/users\/3"}],"replies":[{"embeddable":true,"href":"https:\/\/www.arteypasiondelsur.com\/joyeria\/wp-json\/wp\/v2\/comments?post=1171"}],"version-history":[{"count":5,"href":"https:\/\/www.arteypasiondelsur.com\/joyeria\/wp-json\/wp\/v2\/pages\/1171\/revisions"}],"predecessor-version":[{"id":1176,"href":"https:\/\/www.arteypasiondelsur.com\/joyeria\/wp-json\/wp\/v2\/pages\/1171\/revisions\/1176"}],"wp:attachment":[{"href":"https:\/\/www.arteypasiondelsur.com\/joyeria\/wp-json\/wp\/v2\/media?parent=1171"}],"curies":[{"name":"wp","href":"https:\/\/api.w.org\/{rel}","templated":true}]}}